{"id":2,"date":"2018-03-15T15:08:31","date_gmt":"2018-03-15T14:08:31","guid":{"rendered":"http:\/\/c4waste.be\/?page_id=2"},"modified":"2024-06-26T14:53:26","modified_gmt":"2024-06-26T12:53:26","slug":"presentation","status":"publish","type":"page","link":"https:\/\/c4waste.be\/index.php\/presentation\/","title":{"rendered":"L&rsquo;\u00e9quipe"},"content":{"rendered":"\n<p>Cr\u00e9\u00e9  fin&nbsp; 2015, l&rsquo;\u00e9quipe de C4WASTE est constitu\u00e9e de&nbsp;trois personnes dont les deux fondateurs tr\u00e8s exp\u00e9riment\u00e9es dans le secteur de la collecte et du traitement de d\u00e9chets industriels.<\/p>\n\n\n\n<p class=\"has-medium-font-size\"><strong>Marcel Cornil  :  <\/strong>Administrateur &amp; Commercial &amp; S\u00e9curit\u00e9 &amp; Finances <\/p>\n\n\n\n<figure class=\"wp-block-image size-large is-resized\"><img loading=\"lazy\" decoding=\"async\" width=\"978\" height=\"1024\" src=\"https:\/\/c4waste.be\/wp-content\/uploads\/2024\/06\/20240602_173620-scaled-e1719406380185-978x1024.jpg\" alt=\"\" class=\"wp-image-307\" style=\"width:207px;height:auto\" srcset=\"https:\/\/c4waste.be\/wp-content\/uploads\/2024\/06\/20240602_173620-scaled-e1719406380185-978x1024.jpg 978w, https:\/\/c4waste.be\/wp-content\/uploads\/2024\/06\/20240602_173620-scaled-e1719406380185-287x300.jpg 287w, https:\/\/c4waste.be\/wp-content\/uploads\/2024\/06\/20240602_173620-scaled-e1719406380185-768x804.jpg 768w, https:\/\/c4waste.be\/wp-content\/uploads\/2024\/06\/20240602_173620-scaled-e1719406380185-1468x1536.jpg 1468w, https:\/\/c4waste.be\/wp-content\/uploads\/2024\/06\/20240602_173620-scaled-e1719406380185.jpg 1736w\" sizes=\"(max-width: 767px) 89vw, (max-width: 1000px) 54vw, (max-width: 1071px) 543px, 580px\" \/><\/figure>\n\n\n\n<p><a href=\"https:\/\/www.linkedin.com\/in\/marcel-cornil-30911b15\/\">https:\/\/www.linkedin.com\/in\/marcel-cornil-30911b15\/<\/a><\/p>\n\n\n\n<p>De formation ing\u00e9nieur industriel en Chimie, Monsieur Cornil a commenc\u00e9 sa carri\u00e8re dans le secteur en 1987. Il a occup\u00e9 des fonctions \u00e0 haute responsabilit\u00e9 dans des soci\u00e9t\u00e9s actives et connues dans le domaine.<br>Il a notamment occup\u00e9 la fonction de personne responsable agr\u00e9\u00e9e par la RW des op\u00e9rations de regroupement, de pr\u00e9traitement, d&rsquo;\u00e9limination ou de valorisation sur un centre TANK CLEANING.<\/p>\n\n\n\n<p class=\"has-medium-font-size\"><strong>Christian Cambroisier&nbsp;:<\/strong> Administrateur &amp; Commercial &amp; Qualit\u00e9 &amp; Legal<\/p>\n\n\n\n<figure class=\"wp-block-image size-large\"><img loading=\"lazy\" decoding=\"async\" width=\"200\" height=\"200\" src=\"https:\/\/c4waste.be\/wp-content\/uploads\/2020\/04\/0-1.jpg\" alt=\"\" class=\"wp-image-166\" srcset=\"https:\/\/c4waste.be\/wp-content\/uploads\/2020\/04\/0-1.jpg 200w, https:\/\/c4waste.be\/wp-content\/uploads\/2020\/04\/0-1-150x150.jpg 150w, https:\/\/c4waste.be\/wp-content\/uploads\/2020\/04\/0-1-100x100.jpg 100w\" sizes=\"(max-width: 200px) 100vw, 200px\" \/><\/figure>\n\n\n<p><a href=\"https:\/\/www.linkedin.com\/in\/christian-cambroisier-14977678\/\"><span style=\"color: #3366ff;\"><strong><u>\u00a0https:\/\/www.linkedin.com\/in\/christian-cambroisier-14977678\/<\/u><\/strong><\/span><\/a><\/p>\n<p>De formation ing\u00e9nieur industriel en Chimie, Monsieur Cambroisier a commenc\u00e9 sa carri\u00e8re dans le secteur en 1988. Il a occup\u00e9 des fonctions \u00e0 haute responsabilit\u00e9 dans des soci\u00e9t\u00e9s actives et connues dans le domaine.<br \/>Il a notamment occup\u00e9 la fonction de personne responsable agr\u00e9\u00e9e par la RW des op\u00e9rations de regroupement, de pr\u00e9traitement, d&rsquo;\u00e9limination ou de valorisation sur un centre de TRAITEMENT DE DECHETS DANGEREUX.<\/p>\n\n\n<p class=\"has-medium-font-size\"><strong>Christophe Hautenne<\/strong> : Logistique &amp; Facturation<\/p>\n\n\n\n<p class=\"has-medium-font-size\"><strong>Geoffrey Gr\u00e9goire<\/strong> : Logistique &amp; Facturation<\/p>\n","protected":false},"excerpt":{"rendered":"<p>Cr\u00e9\u00e9 fin&nbsp; 2015, l&rsquo;\u00e9quipe de C4WASTE est constitu\u00e9e de&nbsp;trois personnes dont les deux fondateurs tr\u00e8s exp\u00e9riment\u00e9es dans le secteur de la collecte et du traitement de d\u00e9chets industriels. Marcel Cornil : Administrateur &amp; Commercial &amp; S\u00e9curit\u00e9 &amp; Finances https:\/\/www.linkedin.com\/in\/marcel-cornil-30911b15\/ De formation ing\u00e9nieur industriel en Chimie, Monsieur Cornil a commenc\u00e9 sa carri\u00e8re dans le secteur en &hellip; <\/p>\n<p class=\"link-more\"><a href=\"https:\/\/c4waste.be\/index.php\/presentation\/\" class=\"more-link\">Continuer la lecture<span class=\"screen-reader-text\"> de &laquo;&nbsp;L&rsquo;\u00e9quipe&nbsp;&raquo;<\/span><\/a><\/p>\n","protected":false},"author":1,"featured_media":0,"parent":0,"menu_order":0,"comment_status":"closed","ping_status":"open","template":"","meta":{"footnotes":""},"_links":{"self":[{"href":"https:\/\/c4waste.be\/index.php\/wp-json\/wp\/v2\/pages\/2"}],"collection":[{"href":"https:\/\/c4waste.be\/index.php\/wp-json\/wp\/v2\/pages"}],"about":[{"href":"https:\/\/c4waste.be\/index.php\/wp-json\/wp\/v2\/types\/page"}],"author":[{"embeddable":true,"href":"https:\/\/c4waste.be\/index.php\/wp-json\/wp\/v2\/users\/1"}],"replies":[{"embeddable":true,"href":"https:\/\/c4waste.be\/index.php\/wp-json\/wp\/v2\/comments?post=2"}],"version-history":[{"count":18,"href":"https:\/\/c4waste.be\/index.php\/wp-json\/wp\/v2\/pages\/2\/revisions"}],"predecessor-version":[{"id":308,"href":"https:\/\/c4waste.be\/index.php\/wp-json\/wp\/v2\/pages\/2\/revisions\/308"}],"wp:attachment":[{"href":"https:\/\/c4waste.be\/index.php\/wp-json\/wp\/v2\/media?parent=2"}],"curies":[{"name":"wp","href":"https:\/\/api.w.org\/{rel}","templated":true}]}}